{"version":"1.0","provider_name":"Graphiste Freelance","provider_url":"https:\/\/www.directeur-artistique-freelance.fr\/graphiste","author_name":"Freelance","author_url":"https:\/\/www.directeur-artistique-freelance.fr\/graphiste\/author\/freelance\/","title":"Nuits des Artistes 5 juin 2021 - Graphiste Freelance","type":"rich","width":600,"height":338,"html":"<blockquote class=\"wp-embedded-content\" data-secret=\"IavGkUcm6L\"><a href=\"https:\/\/www.directeur-artistique-freelance.fr\/graphiste\/nuits-des-artistes-5-juin-2021\/\">Nuits des Artistes 5 juin 2021<\/a><\/blockquote><iframe sandbox=\"allow-scripts\" security=\"restricted\" src=\"https:\/\/www.directeur-artistique-freelance.fr\/graphiste\/nuits-des-artistes-5-juin-2021\/embed\/#?secret=IavGkUcm6L\" width=\"600\" height=\"338\" title=\"\u00ab\u00a0Nuits des Artistes 5 juin 2021\u00a0\u00bb &#8212; Graphiste Freelance\" data-secret=\"IavGkUcm6L\" frameborder=\"0\" marginwidth=\"0\" marginheight=\"0\" scrolling=\"no\" class=\"wp-embedded-content\"><\/iframe><script>\n\/*! This file is auto-generated *\/\n!function(d,l){\"use strict\";l.querySelector&&d.addEventListener&&\"undefined\"!=typeof URL&&(d.wp=d.wp||{},d.wp.receiveEmbedMessage||(d.wp.receiveEmbedMessage=function(e){var t=e.data;if((t||t.secret||t.message||t.value)&&!\/[^a-zA-Z0-9]\/.test(t.secret)){for(var s,r,n,a=l.querySelectorAll('iframe[data-secret=\"'+t.secret+'\"]'),o=l.querySelectorAll('blockquote[data-secret=\"'+t.secret+'\"]'),c=new RegExp(\"^https?:$\",\"i\"),i=0;i<o.length;i++)o[i].style.display=\"none\";for(i=0;i<a.length;i++)s=a[i],e.source===s.contentWindow&&(s.removeAttribute(\"style\"),\"height\"===t.message?(1e3<(r=parseInt(t.value,10))?r=1e3:~~r<200&&(r=200),s.height=r):\"link\"===t.message&&(r=new URL(s.getAttribute(\"src\")),n=new URL(t.value),c.test(n.protocol))&&n.host===r.host&&l.activeElement===s&&(d.top.location.href=t.value))}},d.addEventListener(\"message\",d.wp.receiveEmbedMessage,!1),l.addEventListener(\"DOMContentLoaded\",function(){for(var e,t,s=l.querySelectorAll(\"iframe.wp-embedded-content\"),r=0;r<s.length;r++)(t=(e=s[r]).getAttribute(\"data-secret\"))||(t=Math.random().toString(36).substring(2,12),e.src+=\"#?secret=\"+t,e.setAttribute(\"data-secret\",t)),e.contentWindow.postMessage({message:\"ready\",secret:t},\"*\")},!1)))}(window,document);\n\/\/# sourceURL=https:\/\/www.directeur-artistique-freelance.fr\/graphiste\/wp-includes\/js\/wp-embed.min.js\n<\/script>\n","thumbnail_url":"https:\/\/www.directeur-artistique-freelance.fr\/graphiste\/wp-content\/uploads\/2022\/08\/affiche-exposition-anne-pieussergues-saint-germain-en-laye-nuit-artistes.jpg.webp","thumbnail_width":1280,"thumbnail_height":1920,"description":"Exposition: La Nuit des Artistes 2021 Date: juin 5, 2021 La Nuit des Artistes 2021 L\u2019exposition des Artistes organis\u00e9 par ARTISTIC\u2019 \u00e0 Saint-Germain-En-Laye. J\u2019ai rejoint l\u2019association Artistic\u2019 de Saint-germain-en-laye en 2019. Ils organisent 2 \u00e9v\u00e9nements chaque ann\u00e9e \u00e0 Saint-Germain-En-laye. J&rsquo;adore participer \u00e0 la Nuit des Artistes.&nbsp; Cet \u00e9v\u00e8nement annuel, tr\u00e8s bien organis\u00e9 par l\u2019association, se [&hellip;]"}

Exposition: La Nuit des Artistes 2021 Date: juin 5, 2021 La Nuit des Artistes 2021 L’exposition des Artistes organisé par ARTISTIC’ à Saint-Germain-En-Laye. J’ai rejoint l’association Artistic’ de Saint-germain-en-laye en 2019. Ils organisent 2 événements chaque année à Saint-Germain-En-laye. J&rsquo;adore participer à la Nuit des Artistes.&nbsp; Cet évènement annuel, très bien organisé par l’association, se [&hellip;]
