{"version":"1.0","provider_name":"Graphiste Freelance","provider_url":"https:\/\/www.directeur-artistique-freelance.fr\/graphiste","author_name":"Freelance","author_url":"https:\/\/www.directeur-artistique-freelance.fr\/graphiste\/author\/freelance\/","title":"La Nuit des Artistes 2023 - Graphiste Freelance","type":"rich","width":600,"height":338,"html":"<blockquote class=\"wp-embedded-content\" data-secret=\"oqMpURxdLu\"><a href=\"https:\/\/www.directeur-artistique-freelance.fr\/graphiste\/la-nuit-des-artistes-2023\/\">La Nuit des Artistes 2023<\/a><\/blockquote><iframe sandbox=\"allow-scripts\" security=\"restricted\" src=\"https:\/\/www.directeur-artistique-freelance.fr\/graphiste\/la-nuit-des-artistes-2023\/embed\/#?secret=oqMpURxdLu\" width=\"600\" height=\"338\" title=\"\u00ab\u00a0La Nuit des Artistes 2023\u00a0\u00bb &#8212; Graphiste Freelance\" data-secret=\"oqMpURxdLu\" frameborder=\"0\" marginwidth=\"0\" marginheight=\"0\" scrolling=\"no\" class=\"wp-embedded-content\"><\/iframe><script>\n\/*! This file is auto-generated *\/\n!function(d,l){\"use strict\";l.querySelector&&d.addEventListener&&\"undefined\"!=typeof URL&&(d.wp=d.wp||{},d.wp.receiveEmbedMessage||(d.wp.receiveEmbedMessage=function(e){var t=e.data;if((t||t.secret||t.message||t.value)&&!\/[^a-zA-Z0-9]\/.test(t.secret)){for(var s,r,n,a=l.querySelectorAll('iframe[data-secret=\"'+t.secret+'\"]'),o=l.querySelectorAll('blockquote[data-secret=\"'+t.secret+'\"]'),c=new RegExp(\"^https?:$\",\"i\"),i=0;i<o.length;i++)o[i].style.display=\"none\";for(i=0;i<a.length;i++)s=a[i],e.source===s.contentWindow&&(s.removeAttribute(\"style\"),\"height\"===t.message?(1e3<(r=parseInt(t.value,10))?r=1e3:~~r<200&&(r=200),s.height=r):\"link\"===t.message&&(r=new URL(s.getAttribute(\"src\")),n=new URL(t.value),c.test(n.protocol))&&n.host===r.host&&l.activeElement===s&&(d.top.location.href=t.value))}},d.addEventListener(\"message\",d.wp.receiveEmbedMessage,!1),l.addEventListener(\"DOMContentLoaded\",function(){for(var e,t,s=l.querySelectorAll(\"iframe.wp-embedded-content\"),r=0;r<s.length;r++)(t=(e=s[r]).getAttribute(\"data-secret\"))||(t=Math.random().toString(36).substring(2,12),e.src+=\"#?secret=\"+t,e.setAttribute(\"data-secret\",t)),e.contentWindow.postMessage({message:\"ready\",secret:t},\"*\")},!1)))}(window,document);\n\/\/# sourceURL=https:\/\/www.directeur-artistique-freelance.fr\/graphiste\/wp-includes\/js\/wp-embed.min.js\n<\/script>\n","thumbnail_url":"https:\/\/www.directeur-artistique-freelance.fr\/graphiste\/wp-content\/uploads\/2023\/11\/bandeau-nuit-des-artistes-2023-anne-pieussergues-dherbicourt-2048x822.jpg.webp","thumbnail_width":2048,"thumbnail_height":822,"description":"Exposition d&rsquo;art et de m\u00e9tiers d&rsquo;art Cette ann\u00e9e j\u2019ai expos\u00e9 \u00e0 la Nuit des Artistes \u00e0 Saint-Germain-En-Laye, organis\u00e9 par\u00a0Artistic\u2019, au milieu de plus de 80 artites peintre, sculpteurs, c\u00e9ramistes, photographes, artisans de m\u00e9tiers d\u2019art, amateurs ou professionnels. En tant qu\u2019illustratrice botanique, je ressens une profonde joie et une immense gratitude d\u2019\u00e9changer et de rencontrer des [&hellip;]"}

Exposition d&rsquo;art et de métiers d&rsquo;art Cette année j’ai exposé à la Nuit des Artistes à Saint-Germain-En-Laye, organisé par Artistic’, au milieu de plus de 80 artites peintre, sculpteurs, céramistes, photographes, artisans de métiers d’art, amateurs ou professionnels. En tant qu’illustratrice botanique, je ressens une profonde joie et une immense gratitude d’échanger et de rencontrer des [&hellip;]
